{"id":8980,"date":"2023-05-20T16:36:18","date_gmt":"2023-05-20T16:36:18","guid":{"rendered":"https:\/\/ismailswllc.com\/index.php\/product\/philips-4300-series-fully-automatic-espresso-machine-classic-milk-frother-5-coffee-varieties-intuitive-touch-display-black-ep4321-54\/"},"modified":"2023-05-20T16:36:18","modified_gmt":"2023-05-20T16:36:18","slug":"philips-4300-series-fully-automatic-espresso-machine-classic-milk-frother-5-coffee-varieties-intuitive-touch-display-black-ep4321-54","status":"publish","type":"product","link":"https:\/\/ismailswllc.com\/index.php\/product\/philips-4300-series-fully-automatic-espresso-machine-classic-milk-frother-5-coffee-varieties-intuitive-touch-display-black-ep4321-54\/","title":{"rendered":"PHILIPS 4300 Series Fully Automatic Espresso Machine &#8211; Classic Milk Frother, 5 Coffee Varieties, Intuitive Touch Display, Black, (EP4321\/54)"},"content":{"rendered":"<p>Price: <span style=\"color:#b12704\">[price_with_discount]<\/span><br \/><i><small>(as of [price_update_date] &#8211; <span class=\"wp_automatic_amazon_disclaimer\" title=\"Product prices and availability are accurate as of the date\/time indicated and are subject to change. Any price and availability information displayed on [relevant Amazon Site(s), as applicable] at the time of purchase will apply to the purchase of this product.\">Details<\/span>)<\/small><\/i><\/p>\n<p><a href=\"https:\/\/amazon.com\/dp\/B08SHCP1MB?tag=\"><img decoding=\"async\" src=\"https:\/\/i.imgur.com\/ISRHEWs.png\"><\/a><br \/>\n[ad_1]<\/p>\n<p>         From the manufacturer                                  <\/p>\n<p>                                          <img decoding=\"async\" alt=\" Philips 4300 Espresso coffee machine with classic milk frother\" src=\"https:\/\/images-na.ssl-images-amazon.com\/images\/G\/01\/x-locale\/common\/grey-pixel.gif\" class=\"a-lazy-loaded\" data-src=\"https:\/\/m.media-amazon.com\/images\/S\/aplus-media-library-service-media\/be697d6b-c346-4181-bb92-d1212104904d.__CR0,0,970,300_PT0_SX970_V1___.png\"><img decoding=\"async\" alt=\" Philips 4300 Espresso coffee machine with classic milk frother\" src=\"https:\/\/m.media-amazon.com\/images\/S\/aplus-media-library-service-media\/be697d6b-c346-4181-bb92-d1212104904d.__CR0,0,970,300_PT0_SX970_V1___.png\">   <\/p>\n<p>                                          <img decoding=\"async\" alt=\" Your coffee your way - easily adjustable settings for intensity and coffee size\" src=\"https:\/\/images-na.ssl-images-amazon.com\/images\/G\/01\/x-locale\/common\/grey-pixel.gif\" class=\"a-lazy-loaded\" data-src=\"https:\/\/m.media-amazon.com\/images\/S\/aplus-media-library-service-media\/d58010e3-2406-477c-b835-d560e2c84847.__CR0,0,970,300_PT0_SX970_V1___.png\"><img decoding=\"async\" alt=\" Your coffee your way - easily adjustable settings for intensity and coffee size\" src=\"https:\/\/m.media-amazon.com\/images\/S\/aplus-media-library-service-media\/d58010e3-2406-477c-b835-d560e2c84847.__CR0,0,970,300_PT0_SX970_V1___.png\">   <\/p>\n<p>                                          <img decoding=\"async\" alt=\" Delicious milk froth or hot milk\" src=\"https:\/\/images-na.ssl-images-amazon.com\/images\/G\/01\/x-locale\/common\/grey-pixel.gif\" class=\"a-lazy-loaded\" data-src=\"https:\/\/m.media-amazon.com\/images\/S\/aplus-media-library-service-media\/c9bcc709-4d67-4232-8e47-5eb97924b031.__CR0,0,970,300_PT0_SX970_V1___.png\"><img decoding=\"async\" alt=\" Delicious milk froth or hot milk\" src=\"https:\/\/m.media-amazon.com\/images\/S\/aplus-media-library-service-media\/c9bcc709-4d67-4232-8e47-5eb97924b031.__CR0,0,970,300_PT0_SX970_V1___.png\">   <\/p>\n<p>                                          <img decoding=\"async\" alt=\"5 customizable coffee styles\" src=\"https:\/\/images-na.ssl-images-amazon.com\/images\/G\/01\/x-locale\/common\/grey-pixel.gif\" class=\"a-lazy-loaded\" data-src=\"https:\/\/m.media-amazon.com\/images\/S\/aplus-media-library-service-media\/111ffbc9-3fd0-416b-9940-1d764ea21e10.__CR0,0,970,300_PT0_SX970_V1___.png\"><img decoding=\"async\" alt=\"5 customizable coffee styles\" src=\"https:\/\/m.media-amazon.com\/images\/S\/aplus-media-library-service-media\/111ffbc9-3fd0-416b-9940-1d764ea21e10.__CR0,0,970,300_PT0_SX970_V1___.png\">   <\/p>\n<p>                             Milk solution<br \/>\n                                LatteGo              Classic milk frother              LatteGo              Classic milk frother               Latte Perfetto          <\/p>\n<p>                             Number of coffee varieties<br \/>\n                                8              5              5              4              15          <\/p>\n<p>                             User Profiles<br \/>\n                                2 user profiles + 1 guest profile              2 user profiles + 1 guest profile              X              X              6          <\/p>\n<p>                             Aroma strength settings<br \/>\n                                5              5              3              3              5          <\/p>\n<p>                             AquaClean filter  <\/p>\n<p>                                              \u2713<\/p>\n<p>                                              \u2713<\/p>\n<p>                                              \u2713<\/p>\n<p>                                              \u2713<\/p>\n<p>                                              \u2713<\/p>\n<p>                             Dishwasher safe parts<br \/>\n                                LatteGo, Drip tray              Milk frother, Drip tray              LatteGo, Drip tray              Milk frother, Drip tray              N\/A          <\/p>\n<p>                             Variety of beverages<br \/>\n                                Espresso, Hot water, Cappuccino, Coffee, Milk froth, Ristretto, Latte Macchiato, Caf\u00e9 au Lait, Americano, Caff\u00e9 crema              Espresso, Coffee, Americano, Caff\u00e9 crema, Ristretto, Milk froth, Hot water              Espresso, Hot water, Cappuccino, Coffee, Latte Macchiato, Americano              Espresso, Hot water, Coffee, Americano, Espresso Lungo              Espresso, Coffee, Americano, Cappuccino, Caff\u00e9 Latte, Latte Macchiato, Flat White, Caf\u00e9 Cortado, Espresso Ristretto, Espresso Lungo, Espresso Dopio, Espresso Macchiato, Cafe au Lait, Milk Froth, Hot Milk          <\/p>\n<p>&#8220;Classic Milk Frother System: Dispenses steam, allowing you to easily prepare silky smooth milk froth for your cappuccino &#8220;<br \/>Intuitive Touch Display: Select the perfect coffee for your mood with just one touch<br \/>My Coffee Choice Menu: Adjust the strength and quantity of your beverage and choose from three different settings to suit your preferences. The Aroma Extract system intelligently strikes the optimum balance between brewing temperature and aroma extraction by keeping the water temperature between 90 and 98\u00b0C<br \/>Powerful Filter and Easy Maintenance: Thanks to the AquaClean, enjoy clear and purified water &#8211; by changing the filter after being prompted by the machine, you will not need to descale your machine for up to 5000 cups<br \/>\n<br \/>[ad_2]<\/p>\n","protected":false},"excerpt":{"rendered":"<p>Price: [price_with_discount](as of [price_update_date] &#8211; Details) [ad_1] From the manufacturer Milk solution LatteGo Classic milk frother LatteGo Classic milk frother<\/p>\n","protected":false},"featured_media":8981,"comment_status":"open","ping_status":"closed","template":"","meta":[],"product_cat":[20],"product_tag":[],"jetpack_sharing_enabled":true,"_links":{"self":[{"href":"https:\/\/ismailswllc.com\/index.php\/wp-json\/wp\/v2\/product\/8980"}],"collection":[{"href":"https:\/\/ismailswllc.com\/index.php\/wp-json\/wp\/v2\/product"}],"about":[{"href":"https:\/\/ismailswllc.com\/index.php\/wp-json\/wp\/v2\/types\/product"}],"replies":[{"embeddable":true,"href":"https:\/\/ismailswllc.com\/index.php\/wp-json\/wp\/v2\/comments?post=8980"}],"version-history":[{"count":0,"href":"https:\/\/ismailswllc.com\/index.php\/wp-json\/wp\/v2\/product\/8980\/revisions"}],"wp:featuredmedia":[{"embeddable":true,"href":"https:\/\/ismailswllc.com\/index.php\/wp-json\/wp\/v2\/media\/8981"}],"wp:attachment":[{"href":"https:\/\/ismailswllc.com\/index.php\/wp-json\/wp\/v2\/media?parent=8980"}],"wp:term":[{"taxonomy":"product_cat","embeddable":true,"href":"https:\/\/ismailswllc.com\/index.php\/wp-json\/wp\/v2\/product_cat?post=8980"},{"taxonomy":"product_tag","embeddable":true,"href":"https:\/\/ismailswllc.com\/index.php\/wp-json\/wp\/v2\/product_tag?post=8980"}],"curies":[{"name":"wp","href":"https:\/\/api.w.org\/{rel}","templated":true}]}}